f m and 48.
24
Suppose 2*b = 4 - 6. Let n be 3*b - (-15 - 3). Calculate the highest common factor of n and 45.
15
Let z(i) = 2*i + 30. Let s be z(-7). Calculate the highest common divisor of 176 and s.
16
Let k(c) = 2*c**2 + c - 2. Suppose 33 = 5*t + 3. Suppose b = -b - t. Let r be k(b). What is the highest common divisor of r and 13?
13
Suppose -q - 3 = -0. Let n be (32/4 - q)*1. What is the highest common factor of n and 11?
11
Let o(w) = 43*w + 4. Let c be o(4). Suppose -3 - 1 = -2*l. Let j = l - -14. What is the greatest common divisor of j and c?
16
Let p(g) = -2*g - 6. Let t be p(-5). Suppose 0*i - 3*i - 18 = -4*n, -5*n - t*i = -38. Calculate the greatest common divisor of 4 and n.
2
Let u be (24/(-20))/((-4)/10). Let w = u - 4. Let n(z) = -4*z**3 + z**2 - 1. Let q be n(w). What is the greatest common factor of q and 32?
4
Suppose 0 = -2*v - 4*g + 38, v + 5 = -3*g + 23. Let o = 15 - 12. Suppose 0 = o*h + h - 28. Calculate the highest common factor of h and v.
7
Let g(j) = -j**2 + 6*j + 1. Let w be g(6). Suppose -5*u = -4 - w. Calculate the greatest common factor of u and 9.
1
Let a = -4 - -3. Let b = a - -6. Let v = b + -4. What is the highest common divisor of 4 and v?
1
Suppose 0 = -0*w - 2*w + 6. Let u be w - 5*(-8)/(-20). What is the greatest common factor of u and 9?
1
Let v = -1 - -4. Let d be (1 - 2)*(-15)/v. Suppose 0 = -3*n + 16 + d. What is the greatest common factor of 28 and n?
7
Let r(y) = -2*y**3 - 5*y**2 - 2*y + 3. Let b be r(-3). Suppose -58 = u - 3*u. Suppose -5*h + 31 = -u. What is the greatest common divisor of h and b?
6
Let h(c) = -2*c**2 + 4*c + 4. Let d be h(-2). Let o be ((-40)/d + -2)*15. Calculate the highest common factor of 20 and o.
20
Suppose -4*c + 18 = -2. Let f(o) = -o**2 + 8*o - 6. Let l be f(c). Let q = 34 - -11. What is the greatest common divisor of l and q?
9
Let i be 242/8 + (-3)/12. Calculate the highest common factor of 30 and i.
30
Let p = -8 - -7. Let l(j) = -j**2 - 6*j - 5. Let t be l(-5). Let a be p - -2 - t - -31. What is the greatest common factor of a and 4?
4
Suppose 7*p - 2*p = 20. Calculate the highest common divisor of p and 6.
2
Suppose 2*d - 28 = -2*f, 2*d - 2*f - 56 = 3*f. Calculate the highest common divisor of 162 and d.
18
Let a(m) = m + 17. Let s be a(-15). Suppose -t - 24 = -4*t. What is the highest common divisor of s and t?
2
Suppose 48 = 2*j - 2*d, -d = 2*j - 2*d - 43. What is the highest common factor of 95 and j?
19
Suppose 4*d = 5*w - 4, 0 = -2*w - 5*d + 1 - 6. Suppose w*c = -3*c + 168. What is the highest common factor of c and 7?
7
Suppose -4*p = -o + 6, -6*o + 3*o - p + 18 = 0. Calculate the highest common factor of o and 66.
6
Let k(y) be the third derivative of y**2 - 1/12*y**5 - 1/120*y**6 + y**3 + 1/24*y**4 + 0 + 0*y. Let n be k(-5). What is the highest common factor of 1 and n?
1
Suppose 4*k = -4*v + 2*v + 10, 0 = -4*k - 4*v + 4. Let l(g) = g**3 - 4*g**2 + g - 2. Let c be l(k). What is the highest common divisor of 16 and c?
2
Let n = 418 + -292. Suppose -h + 6*h - 125 = s, -2*h = -5*s - 73. Suppose -30 = -3*d + h. Calculate the greatest common divisor of d and n.
18
Let q(l) = l**2 - 12*l - 15. Let k = -5 + 19. Let m be q(k). Let a = 20 - -32. What is the highest common divisor of a and m?
13
Let m be -36*(-2)/4*2. Suppose 14*b = 13*b + 24. Calculate the highest common factor of m and b.
12
Let b(f) = f - 5. Let i be b(6). Let r be 7*(i - -2 - 0). Calculate the greatest common divisor of r and 3.
3
Suppose -3*v = -2*q + 60 - 3, -3*v - 123 = -4*q. Let m = q + -16. Calculate the greatest common factor of 34 and m.
17
Let t(z) = z**2 + 4*z + 2. Let h be t(-3). Let u = 4 - h. Suppose -2*o + m - 16 = -4*o, -u*m + 8 = -2*o. Calculate the greatest common divisor of o and 4.
2
Suppose 3*j = -6*j + 63. What is the greatest common divisor of 63 and j?
7
Let w = 271 + -152. What is the highest common factor of w and 17?
17
Let r(w) = -3*w + 3. Let l be r(3). Let s be 6/(-4)*644/l. Let o = 45 - 22. What is the highest common factor of o and s?
23
Let r = -7 - -33. Let z(p) = -3*p + 1. Let o be z(7). Let g = -7 - o. What is the greatest common factor of r and g?
13
Let f be ((-2)/(-1))/((-2)/(-12)). Let c(k) = -k + 3. Let u be c(0). Suppose 24 = u*d - 0*d. Calculate the greatest common divisor of d and f.
4
Suppose -29 + 11 = 5*c + 4*a, 5*c - 4*a + 2 = 0. Let n be 164/12*(-5 - c). Let b = -20 - n. Calculate the highest common divisor of 168 and b.
21
Let s = 1 + -3. Let d = 2 - s. Let k be d/(-14) - 1824/(-14). What is the highest common factor of k and 13?
13
Suppose -3*y = -2*d - 25, -2*y + 7*y + d = 46. Suppose y*v = 4*v + a + 19, a = -4*v + 17. Calculate the highest common factor of v and 32.
4
Let a = 131 + -72. Let r be 4*a/2 - -2. Calculate the highest common divisor of 15 and r.
15
Let w(k) = -3*k**2 + 2*k - 2. Let n be w(-3). Let d = n + 71. Calculate the greatest common divisor of 9 and d.
9
Let f(s) = 4*s + 4. Let l be f(5). What is the highest common divisor of 6 and l?
6
Let r be (-7)/(-2) - (-1)/2. Suppose -468 = r*u - 8*u. Suppose 0 = -s + d + 11, 3*s + 2*d - 9 - 34 = 0. Calculate the highest common divisor of u and s.
13
Suppose 0 = -3*r + 8*r - 10. Suppose -9 = r*u - 13. What is the highest common divisor of 2 and u?
2
Suppose 2*f - 5 = -0*o + 5*o, -2*o - 2*f = -12. Let w be 1/3*(o + 2). Calculate the highest common divisor of 9 and w.
1
Let l = 37 - 22. Let n be (-2)/4*2*-6. Calculate the greatest common factor of l and n.
3
Suppose n - 31 = 5*b, -7 = 3*n - 5*n - b. Let w = -4 + n. What is the highest common factor of w and 2?
2
Let p = -49 - -35. Let z = p + 16. Calculate the greatest common factor of z and 6.
2
Let w(r) = r**2 - 9*r - 1. Let d be w(10). Calculate the greatest common divisor of d and 1.
1
Let d be (-34)/((-8 + 4)/2). Let l be 2*9 - (-1)/(-1). What is the greatest common factor of l and d?
17
Let z be (-6)/8 - (-46)/8. Suppose 4*r = -3*u + 39, r - 5*u + 41 = z*r. Calculate the greatest common divisor of r and 9.
9
Suppose -8*l - 348 = -12*l. What is the highest common divisor of 29 and l?
29
Let g = -1 - -31. Suppose 4*r - 100 = 4*u, -6*r = -r + 3*u - 85. What is the highest common divisor of r and g?
10
Let r be (-3)/2 + 28/8. Let g be (-398)/(-4) - r/(-4). What is the greatest common divisor of 40 and g?
20
Suppose -3*p + 0*g = 4*g - 58, 0 = p + 5*g - 23. Let r be (217 - 1)*(1 + 2/(-6)). Calculate the highest common divisor of p and r.
18
Let j(p) = 2*p**2 - 3*p + 1. Let d = 6 - 1. Let i be j(d). Calculate the highest common factor of i and 24.
12
Suppose 2*w - 1 - 5 = 0. Let q = -1 + w. Let l = 10 - 4. What is the highest common factor of q and l?
2
Suppose -297 = -14*y + 3*y. Calculate the greatest common divisor of 3 and y.
3
Let z = -69 - -101. Let k(t) = -48*t. Let b be k(-4). Suppose -6*l + b = -2*l. What is the highest common divisor of l and z?
16
Suppose h = -5*h + 66. Calculate the greatest common divisor of h and 22.
11
Let d be (-300)/(-8) + 3/(-6). Let s = d + -19. What is the greatest common factor of s and 9?
9
Let p = 96 - 51. What is the highest common factor of p and 18?
9
Let a(d) = -d**3 - 9*d**2 - 4*d - 20. Let q be a(-9). What is the highest common divisor of 32 and q?
16
Suppose -3*v - 2 = 4. Let j be 21/v*16/(-12). What is the greatest common divisor of j and 7?
7
Let t be (6 + -2)*(-1539)/(-12). Suppose 5*k = -193 + t. Calculate the highest common divisor of 8 and k.
8
Let z be -8*35/10*-2. What is the greatest common factor of z and 14?
14
Let f = -6 + 8. Let q(z) = z**2 + 6*z + 10. Let u be q(-4). What is the highest common divisor of f and u?
2
Let t(y) = -y**2 + 6*y - 6. Let s be t(3). Calculate the highest common factor of 3 and s.
3
Suppose -108 = -5*c + 2*c. What is the highest common divisor of c and 12?
12
Let j be (2 - 3)*(-12 - 0). Let z(y) = 13*y - 1. Let n be z(1). Calculate the highest common divisor of n and j.
12
Suppose 0 = i - 3*i - n + 6, 6 = i + 2*n. Suppose i*s = -3*m - 0*s + 9, 0 = 3*s. What is the highest common divisor of 21 and m?
3
Suppose -74 = -3*u + 10. Calculate the greatest common divisor of u and 14.
14
Suppose c = -0*c. Suppose c = -5*p + 3*i + 175, 5*p + 3*i = -47 + 192. Calculate the greatest common divisor of 4 and p.
4
Let d = 25 - 7. Let n = 27 + d. What is the highest comm